5*o(l). Calculate p(-8).
-19
Suppose 0 = -105*a + 11*a + 1316. Let s(p) = 6*p - 82. Give s(a).
2
Let q(f) = -f**2 - 15*f + 3. Let m be q(-15). Let g(k) = -103*k**2 + 11 + 112*k**2 + k**m + k + k. Let t be ((-9)/18)/((-4)/18)*-4. Calculate g(t).
-7
Suppose 2*u + 24 = -2*u. Let k(h) be the third derivative of 1/12*h**5 + 0 + 1/120*h**6 + 114*h**2 - h**3 + 0*h - 7/24*h**4. Determine k(u).
0
Let x(d) = 5278 - 5274 - 2*d**2 - 2*d**2. Suppose 3*t = 2*j + 2, 0 = -j - 2*j - t + 8. Determine x(j).
-12
Let h(o) = -7*o**2 - 23*o - 21. Let s(v) = -13*v**2 - 47*v - 60. Let t(p) = -11*h(p) + 6*s(p). Determine t(-24).
-9
Suppose -12*k + 13*k - 12 = 0. Let p(z) = 5*z + 5*z + k - 12*z. Determine p(10).
-8
Let d(v) = -v**3 + 3*v**2 - 2*v - 1. Let m be 18/6 + -5 + (6 - -3). Suppose 23 = 8*l + m. Give d(l).
-1
Let b(g) = -9*g**3 + g - 1. Let v(i) = -3*i**2 - 19*i + 41. Let o be v(-8). Determine b(o).
-9
Let r(u) = -u**2 + 5*u - 3. Let w be r(4). Suppose 43*a - 41*a = 12. Let s(k) = 1 + 2*k**2 - a*k + 6*k + 0*k. Determine s(w).
3
Let o = 3590 - 3596. Let f(r) = -6*r - 2. What is f(o)?
34
Let x be -23 + 33 - (0 + 7). Let i(n) = 10*n - 28. Let c(d) = d - 6. Let f(r) = 3*c(r) - i(r). What is f(x)?
-11
Let h(x) = -x**3 - 22*x**2 + 28. Suppose y = -5*a - 114, 4*y + 1 = -2*a - 59. What is h(a)?
28
Let f be (7/(21/(-180)))/(80/5 - 18). Let l(d) = -d**2 + 34*d - 128. Calculate l(f).
-8
Let j(s) = -3*s - 6. Let k(r) = r**3 + 0 - 4*r**2 - 4 + 4*r - r**2. Suppose 24*a + 32 = 128. Let p be k(a). Calculate j(p).
6
Let l(w) be the third derivative of -w**5/60 + w**4/8 - w**3/3 + 66*w**2. Let v(x) = -3*x - 9. Let b be v(-4). What is l(b)?
-2
Let t(k) be the first derivative of k**4/4 - 10*k**3/3 - 4*k**2 + 3*k + 1838. Calculate t(10).
-77
Let x(t) = 7*t + 1. Let r(u) = u**2 + 3*u - 10. Let h be r(-5). Let l be 4 + h + 2 + -5. Give x(l).
8
Let y(m) = 19*m**3 + 6*m + 4. Let z(s) = -9*s**3 + 2*s**2 - 2*s - 1. Let h(i) = y(i) + 2*z(i). Calculate h(-3).
5
Let u(r) = -48*r**3 + 1103*r**2 + 21*r + 51. Let m be u(23). Let c(z) = 4*z - 8. Give c(m).
12
Let y be ((-16)/96*0)/(0 + -1). Let r(g) = -g**3 + 5*g**2 - g + 5. Let n(z) = -z**3 + 4*z**2 - z + 4. Let s(p) = -4*n(p) + 3*r(p). Determine s(y).
-1
Let l(g) = -7*g + g - 14 - 19*g + 13*g + 0*g. Determine l(-5).
46
Suppose -4*w = s - 120, w - 4*s - 150 = -4*w. Let v be (-9)/90 + (-177)/w. Let t(u) be the first derivative of u**2 + 8*u + 5. Determine t(v).
-4
Let f(m) be the first derivative of -3*m**3 + 1/4*m**4 - 88 - 1/2*m**2 + 4*m. Determine f(9).
-5
Let b = 1782 + -1789. Let d(i) = i**2 + 10*i + 36. Give d(b).
15
Let h(u) = -12*u - 80. Suppose -4*t - 7*x = -3*x, -4*x = 5*t + 6. What is h(t)?
-8
Let m(z) = -z**2 + 8*z - 18. Suppose 4*r = -5*n + 37, -3*r + 9 = n - 5. Determine m(n).
-3
Let o(v) = -v - 11. Let b(z) = 17*z + 38. Let r(s) = -7*s - 20. Let q(a) = -2*b(a) - 5*r(a). Let m(l) = 7*o(l) + 4*q(l). What is m(9)?
-8
Let h(p) = p**3 + 221 - 7*p**2 + 2*p - p + 382 - 596. Let l(c) = -c**2 + 8*c - 2. Let k be l(7). Determine h(k).
-38
Let m(a) = a - 4. Let l be (-24)/(-9)*(-5)/(-10)*3. Suppose -42 = -l*d - 2*d. Give m(d).
3
Let q(c) = 9*c**2 + 17*c - 56. Let u(j) = -4*j**2 - 8*j + 26. Let r(w) = 3*q(w) + 7*u(w). Determine r(-6).
8
Suppose 39*l - 23*l + 154 = 9*l. Let r(i) = -i**3 - 21*i**2 + 26*i + 102. What is r(l)?
14
Let d(f) = 4*f**2 - 44*f + 21. Let n(w) = -41*w**2 + 460*w - 211. Let o(x) = -21*d(x) - 2*n(x). Determine o(4).
-35
Suppose -1035 = -5*i - 1600. Suppose 2*j = -2*j + 488. Let n = j + i. Let q(p) = p - 5. Give q(n).
4
Let g(b) = b**3 + 7*b**2 + 6*b - 1. Suppose -2*c = -4*a - 614, -a = 2*c + 4 + 142. Let x = a - -146. Determine g(x).
-1
Let o(m) = -3*m**2 - 65*m + 96. Let a be o(-23). Let k(w) = -4*w - 11. Give k(a).
-27
Let q(c) = 17*c - 1004. Let a be q(58). Let h(i) = -i**3 - 18*i**2 + 1. Calculate h(a).
1
Let m(i) = i**2 + 9*i + 9. Suppose -785 = 5*q - 5*f, 592 = -48*q + 44*q - 5*f. Let b = -161 - q. Calculate m(b).
1
Let v = -59 - -72. Let k(t) = 7*t + t**3 - v*t**2 + 5*t**2 + 356 - 360. Suppose o - 35 = -4*o. Determine k(o).
-4
Let o(d) = 2*d - 5. Suppose -67 - 3 = 10*p. Let h be (-5)/(p - 111/(-18)). Calculate o(h).
7
Let o = 527 - 506. Let x(h) = 5 + 2 + 4*h - h. Let g(f) = f + 2. Let u(j) = o*g(j) - 6*x(j). Give u(-3).
-9
Let z = 8 + -13. Let l = z + 1. Let d(f) = -1 - 2*f - 13*f**2 + 4*f**3 + f**3 - 4*f**3 + 17*f**2. Calculate d(l).
7
Let i(k) = -17*k**2 - k + 8. Let h(y) = -37*y**2 - 2*y + 13. Let d(b) = -6*h(b) + 13*i(b). Let j = 3 + -3. Calculate d(j).
26
Let b(m) = 3*m - 1. Let k(v) = v**3 - 5*v**2 - 5*v - 2. Let g be k(6). Let a(j) = -3*j + 4 - 1 + 2 - g + 7*j**2. Let s be a(1). What is b(s)?
14
Suppose 4*o - o = -4*t + 44, -4*t - o + 44 = 0. Let x(k) = -616*k + 216. Let m(h) = 71*h - 24. Let n(z) = 26*m(z) + 3*x(z). What is n(t)?
2
Let h(v) = -v + 4*v - 2*v + 12. Let x(g) = -2*g**2 + 37*g + 102. Let a be x(21). Let q(f) = -11. Let u(k) = a*q(k) - 2*h(k). Calculate u(6).
-3
Let k(l) = -2*l + 18*l**3 + 6*l + 3*l + 7*l**2 - 17*l**3. Suppose z + 2 = -4. What is k(z)?
-6
Let d(p) = -2*p + 15. Suppose -4*s = -5*t - 13, -s - 3*s + 40 = 4*t. Let f be d(s). Let k(r) = 49*r - 2*r**2 + 23*r + 1 - 9*r**2 - 72*r. Calculate k(f).
-10
Let w(m) be the third derivative of m**5/60 + m**4/6 + m**3/2 - 2*m**2 - m + 1622. Let i be (-1 - -1)/(10/(-5)). Let x be (i - 1)/(1/5). Give w(x).
8
Suppose -5*w - 1 = -16, 0 = -5*y + 2*w + 104. Let c(h) = y*h - 3*h + 4 - 12*h - 6. What is c(3)?
19
Let b(l) = l**3 + 4*l**2 + l + 2. Suppose 0 = 9*d - 4*d - 500. Suppose 0 = -d*r + 97*r - 9. Determine b(r).
8
Let i(a) = 2*a**2 - 36*a + 94. Let k be i(15). Suppose w + 5*j + 14 = 0, -w + 5*w = -k*j + 8. Let y(b) = 3*b - 13. Calculate y(w).
5
Let y(j) = j**3 - 4*j**2 + 2. Let f be y(4). Let d be ((-11)/(-2))/11 - (-11)/f. Let v(x) = -2*x + 2*x - 5*x + 1 + d*x. Determine v(7).
8
Let i(t) = 21*t - 181. Let j(q) = 201*q - 2403. Let k be j(12). Calculate i(k).
8
Let r = -3441 - -3427. Let q(j) = 2*j**2 + 30*j + 15. Determine q(r).
-13
Let c = -49 - -47. Let x be 9/6*((-380)/(-15) + c). Suppose -7*b - 7 = x. Let d(w) = w**3 + 5*w**2 - 5*w + 2. Calculate d(b).
-4
Let m(k) be the first derivative of -k**4/4 - 7*k**3/3 - k**2/2 - k - 1. Suppose 0 = -11*d - 14*d + 525. Suppose -d*w = w + 154. Determine m(w).
6
Let x(f) = -3*f + 10. Let a(t) = 9*t - 29. Suppose 0 = -4*n + 20, 2*z - 6*n = -2*n - 26. Let d(o) = z*a(o) - 8*x(o). Calculate d(5).
-8
Let z(j) = j + 2. Suppose 0 = -5*g + 4*g + 69. Let a = g + -69. Calculate z(a).
2
Suppose 4*s + 24 = -4*y, -5*y = -4*s + 12 + 9. Let l(q) = -q**2 + 2*q + 1. Let k(u) = -3*u**2 + 8. Let h(g) = -k(g) + 2*l(g). Calculate h(y).
-1
Let l(v) be the second derivative of -v**5/20 + v**4/4 - v**3/3 + 3*v**2/2 - v + 1013. What is l(3)?
-3
Let r = 30 + -29. Let q(y) = -3*y + 0*y + r + 2*y + 0*y. Let n(w) = w**2 + 2*w + 5. Let l(v) = n(v) - q(v). Calculate l(-6).
22
Suppose -2*o - 3 = -4*a + 5, -4*a + 10 = -3*o. Let i(g) = -a + 5*g - 14*g + 8*g. Give i(-3).
2
Suppose 0 = 4*p - 4*m + 5*m - 1, -4*p + 5*m = 5. Suppose p = -3*k - 5*n - 13, n = -3*k + 3*n + 22. Let z(h) = -h**3 + 3*h**2 - 5. Calculate z(k).
-21
Let f be ((-4)/3 - -1)*-3. Let g(w) = 2*w**2 + f - 6*w + 0*w**2 - 3*w**2. Suppose 28*u - 66*u - 1035 = 169*u. Give g(u).
6
Let s(k) = -15*k + 232. Let g = -34658 + 34674. Calculate s(g).
-8
Let s(j) be the second derivative of -j**5/20 - 7*j**4/12 + j**3/6 + 5*j**2/2 - 17657*j. Suppose q + 2*x + 5 = 0, -40 = 5*q - x - 4*x. What is s(q)?
-2
Let s(d) = -d**2 - d + 1. Let l(y) = 7*y**2 + 6*y - 6. Let x(t) = -l(t) - 5*s(t). Let q = 3 + -3. Suppose 4*m - 5*b + 0 - 13 = q, m = -2*b. What is x(m)?
-9
Let d = 246 + -240. Let x = -4 + 7. Let r(z) = z**x - 3 + 3 + d*z**2 - 2 + 5*z + 5. Calculate r(-5).
3
Suppose -690 = -89*t - 26*t. Let s(a) be the third derivative of -1/20*a**5 + 0*a - 14*a**2 - 1/120*a**t + 1/3*a**3 + 0 + 5/24*a**4. Give s(-4).
-2
Suppose 3*j = -1444 + 1462. Let t(g) = g**2 - 11*g + 24. What is t(j)?
-6
Let c(z) = 52*z + 61. Let p(h) = 19*h + 21. Let f(b) = -4*c(b) + 11*p(b). Suppose -180*s + 166*s = -196. What is f(s)?
1
Suppose -x + 2*x = -7. Let j(c) be the first derivative of 6*c + 1/4*c**4 + 9/2*c**2 - 112 + 8/3*c**3. Calculate j(x).
-8
Let c(i) = i**3 + 11*i**2 - 3*i + 21. Let j be c(-11). Let h = j + -64